divide 2188575209?
False
Is 604 a factor of 303074969?
False
Is 46 a factor of 712066568?
True
Is 189142156 a multiple of 161?
True
Does 128 divide 3170082847?
False
Is 11454810 a multiple of 1695?
True
Is 386157877 a multiple of 49?
True
Does 919 divide 9342554?
True
Does 5 divide 391322283?
False
Is 207292594 a multiple of 1207?
True
Is 101583500 a multiple of 578?
True
Does 79 divide 788818634?
True
Does 7255 divide 79340680?
True
Does 30 divide 407621710?
False
Does 159 divide 9756081?
True
Does 146 divide 52995956?
True
Does 413 divide 676374953?
False
Is 838395790 a multiple of 670?
True
Does 380 divide 3711425599?
False
Is 10 a factor of 514007483?
False
Is 62 a factor of 4634562?
True
Does 335 divide 114893302?
False
Does 51 divide 36451798?
False
Does 15 divide 75189590?
False
Is 1742 a factor of 60125130?
True
Is 345 a factor of 31431223?
False
Is 24 a factor of 753463560?
True
Is 100 a factor of 8119000?
True
Is 924 a factor of 313132512?
True
Is 1193950455 a multiple of 6514?
False
Is 22065052 a multiple of 30?
False
Does 1698 divide 67660206?
True
Is 24 a factor of 98912833?
False
Does 365 divide 166403865?
True
Does 10615 divide 687652408?
False
Is 58338143 a multiple of 61?
True
Is 11123420 a multiple of 18?
False
Does 700 divide 18117400?
True
Does 71 divide 33141664?
True
Is 308 a factor of 36365240?
False
Is 153 a factor of 1392912?
True
Is 267 a factor of 358884595?
False
Is 21989456 a multiple of 1077?
False
Does 14 divide 11767608?
False
Does 32 divide 393044800?
True
Does 592 divide 7718117?
False
Is 103 a factor of 500184686?
True
Is 769307920 a multiple of 724?
True
Is 306 a factor of 164402478?
True
Is 18 a factor of 16741628?
False
Is 418932249 even?
False
Is 7 a factor of 99268456?
True
Is 49 a factor of 3027073?
True
Is 1378268016 a multiple of 1366?
False
Does 14 divide 263333705?
False
Is 44 a factor of 8527673?
False
Does 14 divide 21965444?
False
Is 187475680 a multiple of 26?
False
Does 17 divide 211413479?
True
Is 4455753575 a multiple of 49?
False
Is 7 a factor of 147547038?
False
Does 1954 divide 181215914?
True
Is 2409 a factor of 426581253?
False
Does 5042 divide 290757014?
True
Is 997180954 a multiple of 1807?
False
Is 1310951 a multiple of 2?
False
Is 16306688 a multiple of 32?
True
Is 323054417 a multiple of 1088?
False
Is 23 a factor of 37445702?
True
Is 1407 a factor of 90018748?
False
Is 1877 a factor of 72328318?
True
Is 266358264 a multiple of 1307?
False
Does 393 divide 329286?
False
Does 266 divide 719124572?
False
Is 30 a factor of 34328159?
False
Is 839 a factor of 79798944?
False
Does 874 divide 158878553?
False
Is 296377129 a multiple of 4282?
False
Is 1813595071 a multiple of 1369?
True
Is 274584 a multiple of 51?
True
Is 3853 a factor of 1299441980?
False
Does 8931 divide 471169689?
False
Does 39 divide 162929091?
True
Is 748358988 a multiple of 39?
True
Does 33 divide 628189?
False
Is 6 a factor of 3010790?
False
Is 73 a factor of 3474926906?
False
Is 55329752 even?
True
Is 1830874245 a multiple of 8099?
False
Does 5749 divide 3542952836?
False
Does 2 divide 246111452?
True
Is 352250356 a multiple of 6066?
False
Is 346 a factor of 37555917?
False
Is 18498522 a multiple of 837?
False
Is 69 a factor of 50067780?
True
Does 12 divide 12305940?
True
Is 612504856 a multiple of 117?
False
Is 16 a factor of 2830835040?
True
Does 42 divide 19135032?
True
Is 197564503 a multiple of 19?
False
Is 175462540 a multiple of 220?
True
Is 44 a factor of 15306100?
False
Does 38 divide 174853504?
True
Is 548020853 a multiple of 117?
False
Is 33 a factor of 708123141?
True
Is 228 a factor of 7291799?
False
Does 42 divide 399382973?
False
Does 63 divide 4608614?
False
Is 143907090 a multiple of 69?
True
Is 109237106 a multiple of 22?
True
Does 7 divide 64604239?
True
Is 889 a factor of 6881233380?
True
Does 98 divide 1636306?
True
Is 5551065 a multiple of 13?
True
Does 60 divide 53662020?
True
Is 155 a factor of 106595050?
True
Is 7 a factor of 2842541023?
True
Is 381191328 a multiple of 1288?
True
Is 220 a factor of 283626860?
True
Is 65833121 a multiple of 991?
True
Does 6214 divide 372620155?
False
Does 35 divide 64415365?
True
Does 79 divide 1513325290?
False
Is 621 a factor of 22109463?
True
Does 44 divide 2474076?
True
Is 2490 a factor of 26279460?
True
Does 48 divide 45324339?
False
Is 135 a factor of 292891680?
True
Is 32969273 a multiple of 97?
False
Does 21 divide 57775683?
True
Does 91 divide 174174637?
True
Does 20 divide 429357680?
True
Is 92 a factor of 10318444?
True
Is 17 a factor of 590021768?
False
Is 453 a factor of 2304277?
False
Does 143 divide 2685124013?
True
Is 18 a factor of 17172936?
True
Is 80 a factor of 4165826543?
False
Is 85 a factor of 865465325?
True
Is 2556 a factor of 51244521?
False
Is 54 a factor of 8820576?
True
Is 3 a factor of 9066332?
False
Is 907 a factor of 24281297?
True
Does 135 divide 7589046?
False
Is 7 a factor of 322262152?
False
Is 59513709 a multiple of 309?
True
Is 744865 a multiple of 11?
True
Is 2937 a factor of 152644701?
True
Is 378721604 a multiple of 9419?
False
Does 56 divide 6187440?
True
Is 294 a factor of 1775075274?
True
Is 7786036 a multiple of 102?
False
Does 11 divide 133978833?
False
Does 3030 divide 8969620?
False
Does 1003 divide 60993261?
False
Is 11 a factor of 3138991702?
True
Does 258 divide 522582534?
False
Does 15 divide 9503004?
False
Does 127 divide 73677018?
True
Is 67 a factor of 67228440?
False
Is 209 a factor of 231959377?
False
Is 3249312970 a multiple of 74?
False
Does 1372 divide 28440614?
False
Is 153 a factor of 1641529926?
False
Is 101 a factor of 174403770?
True
Is 3666 a factor of 452487048?
True
Is 5127 a factor of 40981906?
False
Does 1574 divide 424795842?
True
Is 1034312427 a multiple of 93?
True
Is 161 a factor of 431274403?
True
Is 21 a factor of 3949785?
True
Is 72680120 a multiple of 1245?
False
Is 14060575 a multiple of 6?
False
Does 57 divide 9743124?
True
Is 32 a factor of 91986349?
False
Does 12 divide 32769732?
True
Is 2204625245 a multiple of 9?
False
Does 4 divide 5841032?
True
Does 34 divide 263688496?
True
Is 124190773 a multiple of 499?
False
Is 655 a factor of 1299649830?
False
Is 70 a factor of 263274831?
False
Does 84 divide 482625225?
False
Does 43 divide 36291742?
True
Is 21279468 a multiple of 2546?
True
Is 13 a factor of 2834559851?
False
Is 3390312382 a multiple of 2021?
True
Does 490 divide 365950875?
False
Is 23 a factor of 10606427?
True
Is 655 a factor of 999111322?
False
Does 4 divide 5636375?
False
Does 56 divide 5187224?
True
Is 23474249 a multiple of 130?
False
Does 20 divide 272668390?
False
Does 8 divide 64098744?
True
Does 1356 divide 2030714412?
True
Does 87 divide 11276244?
True
Is 1133580080 a multiple of 976?
True
Does 621 divide 228295125?
True
Is 275740573 a multiple of 458?
False
Is 116358567 a multiple of 1681?
False
Is 148 a factor of 35966948?
False
Is 7264227 a multiple of 238?
False
Is 29828787 even?
False
Is 10 a factor of 105588420?
True
Does 30 divide 237607860?
True
Does 25 divide 3171023809?
False
Is 980973035 a multiple of 35?
True
Is 89 a factor of 69085182?
True
Is 709515488 a multiple of 352?
True
Is 12925956 a multiple of 2?
True
Is 169 a factor of 790559944?
False
Does 27 divide 5026862889?
True
Does 1636 divide 229539309?
False
Does 27 divide 4360230?
True
Does 3907 divide 2363773770?
False
Is 529550208 a multiple of 1677?
False
Is 23 a factor of 11766618?
False
Is 130470978 a multiple of 33?
True
Is 928984390 a multiple of 27?
False
Does 42 divide 411231324?
True
Is 91 a factor of 15132017?
False
Is 46992790 a multiple of 1115?
True
Does 62 divide 361226260?
True
Does 3 divide 234190674?
True
Does 34 divide 7016342?
True
Is 113 a factor of 103915970?
False
Is 309407144 a multiple of 55?
False
Is 1592678261 a multiple of 2970?
False
Does 7 divide 75964252?
True
Is 5254032 a multiple of 4?
True
Is 255673600 a multiple of 6146?
True
Does 1180 divide 517568060?
True
Does 7 divide 4046597?
False
Is 100142772 a multiple of 25?
False
Is 124357516 a multiple of 34?
True
Is 122 a factor of 972096?
True
Is 180 a factor of 102172680?
True
Does 59 divide 27764890?
False
Is 323 a factor of 5940939?
True
Is 3707496141 a multiple of 17?
False
Does 360 divide 52760937?
Fals